usands digit of 207143834?
1
What is the hundred millions digit of 172315705?
1
What is the ten millions digit of 5530314553?
3
What is the hundreds digit of 130808178?
1
What is the hundred millions digit of 104717373?
1
What is the units digit of 3940224?
4
What is the millions digit of 63356742?
3
What is the units digit of 89991649?
9
What is the units digit of 431918244?
4
What is the units digit of 104155322?
2
What is the hundred millions digit of 1804309701?
8
What is the millions digit of 699877382?
9
What is the millions digit of 49841336?
9
What is the units digit of 455114806?
6
What is the hundreds digit of 475095?
0
What is the hundreds digit of 32213023?
0
What is the hundred millions digit of 6069613338?
0
What is the ten thousands digit of 7711449?
1
What is the ten thousands digit of 276632373?
3
What is the billions digit of 1030123727?
1
What is the thousands digit of 13249229?
9
What is the units digit of 9289961?
1
What is the units digit of 285806058?
8
What is the ten thousands digit of 13735733?
3
What is the ten millions digit of 154128509?
5
What is the millions digit of 285218315?
5
What is the ten millions digit of 498840891?
9
What is the thousands digit of 362322197?
2
What is the tens digit of 4057549218?
1
What is the ten thousands digit of 51429525?
2
What is the tens digit of 78401975?
7
What is the hundred thousands digit of 23140676?
1
What is the hundred thousands digit of 3421591775?
5
What is the hundred thousands digit of 112860055?
8
What is the ten millions digit of 308597868?
0
What is the hundred thousands digit of 59372558?
3
What is the hundred millions digit of 2032026928?
0
What is the ten millions digit of 33590115?
3
What is the hundreds digit of 6568695971?
9
What is the hundred thousands digit of 75888287?
8
What is the thousands digit of 6071058089?
8
What is the hundred thousands digit of 255325522?
3
What is the tens digit of 673255103?
0
What is the units digit of 110150848?
8
What is the units digit of 503573423?
3
What is the hundred millions digit of 971775104?
9
What is the hundreds digit of 4362475382?
3
What is the ten thousands digit of 40316646?
1
What is the units digit of 5233201?
1
What is the hundred thousands digit of 1682559337?
5
What is the ten millions digit of 195724174?
9
What is the hundreds digit of 622695903?
9
What is the hundred thousands digit of 68396221?
3
What is the millions digit of 162236880?
2
What is the tens digit of 1322163100?
0
What is the hundred millions digit of 3563443879?
5
What is the thousands digit of 8705104875?
4
What is the tens digit of 25429629?
2
What is the ten millions digit of 132420090?
3
What is the units digit of 265089431?
1
What is the hundreds digit of 55864861?
8
What is the hundreds digit of 30278096?
0
What is the hundred millions digit of 6067127629?
0
What is the tens digit of 44824494?
9
What is the hundred millions digit of 1187737710?
1
What is the millions digit of 2375876738?
5
What is the hundreds digit of 44204041?
0
What is the hundred thousands digit of 39300739?
3
What is the units digit of 1946889?
9
What is the hundreds digit of 4708689639?
6
What is the millions digit of 16890738?
6
What is the units digit of 1327032464?
4
What is the ten thousands digit of 104854345?
5
What is the hundreds digit of 104192117?
1
What is the units digit of 391187763?
3
What is the units digit of 23316867?
7
What is the hundred thousands digit of 212715286?
7
What is the ten millions digit of 637877547?
3
What is the millions digit of 28012744?
8
What is the billions digit of 1567576230?
1
What is the ten millions digit of 32377404?
3
What is the hundred thousands digit of 102042834?
0
What is the tens digit of 320256250?
5
What is the millions digit of 498875658?
8
What is the units digit of 1471788815?
5
What is the hundreds digit of 7444198?
1
What is the tens digit of 48366114?
1
What is the billions digit of 1924705891?
1
What is the hundreds digit of 4076904553?
5
What is the hundred millions digit of 7619389425?
6
What is the ten thousands digit of 105162397?
6
What is the millions digit of 43950567?
3
What is the millions digit of 70072393?
0
What is the units digit of 14559767?
7
What is the millions digit of 308590646?
8
What is the hundreds digit of 266368017?
0
What is the hundreds digit of 1060573273?
2
What is the billions digit of 2364194943?
2
What is the hundred millions digit of 138573533?
1
What is the hundred thousands digit of 472616986?
6
What is the ten thousands digit of 328144430?
4
What is the thousands digit of 53400127?
0
What is the hundreds digit of 100124656?
6
What is the ten thousands digit of 1118776658?
7
What is the units digit of 24187666?
6
What is the millions digit of 73430932?
3
What is the tens digit of 200141179?
7
What is the hundred millions digit of 914541271?
9
What is the hundred thousands digit of 39471104?
4
What is the units digit of 1513763?
3
What is the hundred millions digit of 3700311921?
7
What is the units digit of 7349802544?
4
What is the ten thousands digit of 149007551?
0
What is the hundred thousands digit of 856440347?
4
What is the tens digit of 76869027?
2
What is the hundred millions digit of 203705030?
2
What is the millions digit of 456689228?
6
What is the hundreds digit of 117553646?
6
What is the hundred thousands digit of 1247238177?
2
What is the hundreds digit of 83345619?
6
What is the ten millions digit of 2248608597?
4
What is the units digit of 2479096?
6
What is the ten millions digit of 2730426056?
3
What is the thousands digit of 94854864?
4
What is the units digit of 4220001660?
0
What is the millions digit of 495755582?
5
What is the hundred millions digit of 572977489?
5
What is the tens digit of 1818413414?
1
What is the units digit of 230936023?
3
What is the units digit of 346275557?
7
What is the hundred millions digit of 563742712?
5
What is the hundreds digit of 1750721169?
1
What is the millions digit of 592989487?
2
What is the hundred thousands digit of 107260139?
2
What is the hundreds digit of 35682354?
3
What is the ten thousands digit of 10928606?
2
What is the units digit of 1076861741?
1
What is the hundreds digit of 68284243?
2
What is the ten millions digit of 64843787?
6
What is the hundred millions digit of 133586445?
1
What is the ten thousands digit of 55140506?
4
What is the units digit of 49413928?
8
What is the ten thousands digit of 3121322059?
2
What is the ten thousands digit of 200530404?
3
What is the ten millions digit of 21239836?
2
What is the hundred millions digit of 336816361?
3
What is the millions digit of 985558595?
5
What is the units digit of 256204497?
7
What is the tens digit of 620684494?
9
What is the hundred thousands digit of 196927438?
9
What is the thousands digit of 1210798450?
8
What is the hundred thousands digit of 1391384788?
3
What is the millions digit of 84461327?
4
What is the ten thousands digit of 1149994180?
9
What is the units digit of 4623402906?
6
What is the tens digit of 998667467?
6
What is the millions digit of 153223640?
3
What is the hundred thousands digit of 9795941?
7
What is the tens digit of 3271930782?
8
What is the thousands digit of 20136176?
6
What is the ten thousands digit of 18264327?
6
What is the hundreds digit of 205810533?
5
What is the hundred thousands digit of 2065266450?
2
What is the millions digit of 604905157?
4
What is the tens digit of 2096443932?
3
What is the millions digit of 429024426?
9
What is the hundred thousands digit of 420131949?
1
What is the hundred thousands digit of 964562101?
5
What is the millions digit of 33881946?
3
What is the tens digit of 4228007165?
6
What is the units digit of 3148342622?
2
What is the ten millions digit of 46792002?
4
What is the thousands digit of 60377754?
7
What is the hundred millions digit of 651620016?
6
What is the hundred millions digit of 2633499675?
6
What is the units digit of 4428616371?
1
What is the hundred thousands digit of 828633518?
6
What is the millions digit of 2191527973?
1
What is the hundreds digit of 504674431?
4
What is the hundred millions digit of 3372225329?
3
What is the hundred thousands digit of 99979031?
9
What is the ten thousands digit of 43810258?
1
What is the hundred mil